{"id":4890,"date":"2024-03-13T07:48:43","date_gmt":"2024-03-13T06:48:43","guid":{"rendered":"https:\/\/patiotime.loftocean.com\/demo2\/?page_id=4890"},"modified":"2025-04-20T08:29:30","modified_gmt":"2025-04-20T06:29:30","slug":"about","status":"publish","type":"page","link":"https:\/\/www.lagalaure-hauterives.fr\/index.php\/about\/","title":{"rendered":"A propos de nous"},"content":{"rendered":"\t\t<div data-elementor-type=\"wp-page\" data-elementor-id=\"4890\" class=\"elementor elementor-4890\">\n\t\t\t\t\t\t<section class=\"elementor-section elementor-top-section elementor-element elementor-element-45fed3cf pt-section-content-fullwidth pt_scroll_y_180 pt-parallax-on-scroll elementor-section-boxed elementor-section-height-default elementor-section-height-default\" data-id=\"45fed3cf\" data-element_type=\"section\" data-e-type=\"section\" data-settings=\"{&quot;background_background&quot;:&quot;classic&quot;,&quot;shape_divider_bottom&quot;:&quot;split&quot;}\" data-pt-parallax-y=\"180\" style=\"background-image: none;\" data-pt-background-image=\"https:\/\/www.lagalaure-hauterives.fr\/wp-content\/uploads\/2024\/03\/20190709_112033-scaled.jpg\">\n\t\t\t\t\t\t\t<div class=\"elementor-background-overlay\"><\/div>\n\t\t\t\t\t\t<div class=\"elementor-shape elementor-shape-bottom\" aria-hidden=\"true\" data-negative=\"false\">\n\t\t\t<svg xmlns=\"http:\/\/www.w3.org\/2000\/svg\" viewBox=\"0 0 1000 20\" preserveAspectRatio=\"none\">\n\t<path class=\"elementor-shape-fill\" d=\"M0,0v3c0,0,393.8,0,483.4,0c9.2,0,16.6,7.4,16.6,16.6c0-9.1,7.4-16.6,16.6-16.6C606.2,3,1000,3,1000,3V0H0z\"\/>\n<\/svg>\t\t<\/div>\n\t\t\t\t\t<div class=\"elementor-container elementor-column-gap-no\">\n\t\t\t\t\t<div class=\"elementor-column elementor-col-100 elementor-top-column elementor-element elementor-element-534bfec1 dark-color\" data-id=\"534bfec1\" data-element_type=\"column\" data-e-type=\"column\">\n\t\t\t<div class=\"elementor-widget-wrap elementor-element-populated\">\n\t\t\t\t\t\t<div class=\"elementor-element elementor-element-2be3b49b elementor-widget elementor-widget-pt_title\" data-id=\"2be3b49b\" data-element_type=\"widget\" data-e-type=\"widget\" data-widget_type=\"pt_title.default\">\n\t\t\t\t<div class=\"elementor-widget-container\">\n\t\t\t\t\t\n        <div class=\"pt-title-wrap text-center\">\t            <h1 class=\"pt-title\">\n\t                A propos de nous\t            <\/h1>        <\/div>\t\t\t\t<\/div>\n\t\t\t\t<\/div>\n\t\t\t\t\t<\/div>\n\t\t<\/div>\n\t\t\t\t\t<\/div>\n\t\t<\/section>\n\t\t\t\t<section class=\"elementor-section elementor-top-section elementor-element elementor-element-228c9559 pt-animation-medium-offset elementor-section-boxed elementor-section-height-default elementor-section-height-default elementor-invisible\" data-id=\"228c9559\" data-element_type=\"section\" data-e-type=\"section\" data-settings=\"{&quot;animation&quot;:&quot;fadeInUp&quot;,&quot;animation_delay&quot;:300}\">\n\t\t\t\t\t\t<div class=\"elementor-container elementor-column-gap-no\">\n\t\t\t\t\t<div class=\"elementor-column elementor-col-25 elementor-top-column elementor-element elementor-element-3a6cccba\" data-id=\"3a6cccba\" data-element_type=\"column\" data-e-type=\"column\">\n\t\t\t<div class=\"elementor-widget-wrap elementor-element-populated\">\n\t\t\t\t\t\t<div class=\"elementor-element elementor-element-276e6ea8 elementor-tablet-align-center elementor-widget elementor-widget-pt_rounded_image\" data-id=\"276e6ea8\" data-element_type=\"widget\" data-e-type=\"widget\" data-widget_type=\"pt_rounded_image.default\">\n\t\t\t\t<div class=\"elementor-widget-container\">\n\t\t\t\t\t\t\t\t\t<div class=\"pt-rounded-image\" style=\"border-radius: var(--rounded) var(--rounded) 0 0;\">\n\t\t\t\t\t\t\t\t\t\t<img fetchpriority=\"high\" decoding=\"async\" width=\"2000\" height=\"1500\" src=\"https:\/\/www.lagalaure-hauterives.fr\/wp-content\/uploads\/2024\/03\/20230405_120608.jpg\" class=\"attachment-full size-full wp-image-6531\" alt=\"boutique la Galaure\" srcset=\"https:\/\/www.lagalaure-hauterives.fr\/wp-content\/uploads\/2024\/03\/20230405_120608.jpg 2000w, https:\/\/www.lagalaure-hauterives.fr\/wp-content\/uploads\/2024\/03\/20230405_120608-300x225.jpg 300w, https:\/\/www.lagalaure-hauterives.fr\/wp-content\/uploads\/2024\/03\/20230405_120608-1024x768.jpg 1024w, https:\/\/www.lagalaure-hauterives.fr\/wp-content\/uploads\/2024\/03\/20230405_120608-768x576.jpg 768w, https:\/\/www.lagalaure-hauterives.fr\/wp-content\/uploads\/2024\/03\/20230405_120608-1536x1152.jpg 1536w, https:\/\/www.lagalaure-hauterives.fr\/wp-content\/uploads\/2024\/03\/20230405_120608-1920x1440.jpg 1920w, https:\/\/www.lagalaure-hauterives.fr\/wp-content\/uploads\/2024\/03\/20230405_120608-1440x1080.jpg 1440w, https:\/\/www.lagalaure-hauterives.fr\/wp-content\/uploads\/2024\/03\/20230405_120608-1200x900.jpg 1200w, https:\/\/www.lagalaure-hauterives.fr\/wp-content\/uploads\/2024\/03\/20230405_120608-780x585.jpg 780w, https:\/\/www.lagalaure-hauterives.fr\/wp-content\/uploads\/2024\/03\/20230405_120608-600x450.jpg 600w, https:\/\/www.lagalaure-hauterives.fr\/wp-content\/uploads\/2024\/03\/20230405_120608-550x413.jpg 550w, https:\/\/www.lagalaure-hauterives.fr\/wp-content\/uploads\/2024\/03\/20230405_120608-370x278.jpg 370w, https:\/\/www.lagalaure-hauterives.fr\/wp-content\/uploads\/2024\/03\/20230405_120608-255x191.jpg 255w, https:\/\/www.lagalaure-hauterives.fr\/wp-content\/uploads\/2024\/03\/20230405_120608-150x113.jpg 150w\" sizes=\"(max-width: 2000px) 100vw, 2000px\" \/>\t\t\t\t\t\t\t\t\t<\/div>\t\t\t\t<\/div>\n\t\t\t\t<\/div>\n\t\t\t\t\t<\/div>\n\t\t<\/div>\n\t\t\t\t<div class=\"elementor-column elementor-col-25 elementor-top-column elementor-element elementor-element-3610bf36 elementor-hidden-tablet elementor-hidden-mobile\" data-id=\"3610bf36\" data-element_type=\"column\" data-e-type=\"column\">\n\t\t\t<div class=\"elementor-widget-wrap elementor-element-populated\">\n\t\t\t\t\t\t<div class=\"elementor-element elementor-element-2a1641bf full-height elementor-widget elementor-widget-pt_vertical_divider\" data-id=\"2a1641bf\" data-element_type=\"widget\" data-e-type=\"widget\" data-widget_type=\"pt_vertical_divider.default\">\n\t\t\t\t<div class=\"elementor-widget-container\">\n\t\t\t\t\t\n        <div class=\"pt-vertical-divider divider-grass\">                <div class=\"pt-vd-icon icon-start\">                    <svg xmlns=\"http:\/\/www.w3.org\/2000\/svg\" viewBox=\"0 0 31.06 29.67\">\n                        <path d=\"M36.53,21.85,31.78,18s-7.5.83-9.68,16.39C22.1,34.34,25.7,21.66,36.53,21.85Z\" transform=\"translate(-5.47 -4.66)\"><\/path>\n                        <path class=\"cls-1\" d=\"M5.47,21.85,10.22,18s7.5.83,9.68,16.39C19.9,34.34,16.3,21.66,5.47,21.85Z\" transform=\"translate(-5.47 -4.66)\"><\/path>\n                        <polygon class=\"cls-1\" points=\"15.53 0 18.66 6.56 15.53 22.16 12.39 6.56 15.53 0\"><\/polygon>\n                    <\/svg>                <\/div>            <div class=\"pt-vd-line\"><\/div>                <div class=\"pt-vd-icon icon-end\">                    <svg xmlns=\"http:\/\/www.w3.org\/2000\/svg\" viewBox=\"0 0 31.06 29.67\">\n                        <path d=\"M36.53,21.85,31.78,18s-7.5.83-9.68,16.39C22.1,34.34,25.7,21.66,36.53,21.85Z\" transform=\"translate(-5.47 -4.66)\"><\/path>\n                        <path class=\"cls-1\" d=\"M5.47,21.85,10.22,18s7.5.83,9.68,16.39C19.9,34.34,16.3,21.66,5.47,21.85Z\" transform=\"translate(-5.47 -4.66)\"><\/path>\n                        <polygon class=\"cls-1\" points=\"15.53 0 18.66 6.56 15.53 22.16 12.39 6.56 15.53 0\"><\/polygon>\n                    <\/svg>                <\/div>        <\/div>\t\t\t\t<\/div>\n\t\t\t\t<\/div>\n\t\t\t\t\t<\/div>\n\t\t<\/div>\n\t\t\t\t<div class=\"elementor-column elementor-col-50 elementor-top-column elementor-element elementor-element-781998d5\" data-id=\"781998d5\" data-element_type=\"column\" data-e-type=\"column\">\n\t\t\t<div class=\"elementor-widget-wrap elementor-element-populated\">\n\t\t\t\t\t\t<div class=\"elementor-element elementor-element-7defe9da elementor-widget elementor-widget-pt_title\" data-id=\"7defe9da\" data-element_type=\"widget\" data-e-type=\"widget\" data-widget_type=\"pt_title.default\">\n\t\t\t\t<div class=\"elementor-widget-container\">\n\t\t\t\t\t\n        <div class=\"pt-title-wrap text-center text-center-mobile\">\t            <div class=\"pt-subtitle-wrap\"><span class=\"pt-subtitle color-secondary style-bordered\">Un Lieu Charg\u00e9 d'Histoire<\/span><\/div>\t            <h6 class=\"pt-title\">\n\t                Le restaurant\t            <\/h6>\t            <div class=\"pt-title-text\">\n\t                <p>La Galaure tire son nom de la rivi\u00e8re qui traverse la r\u00e9gion, symbole de la richesse naturelle et de la tranquillit\u00e9 qui caract\u00e9risent Hauterives. \u00c9tabli dans un b\u00e2timent historique, le restaurant a su pr\u00e9server son charme d&#8217;antan tout en se modernisant pour r\u00e9pondre aux attentes.<\/p><p>Nous serons l\u00e0 pour vous recevoir avec grand plaisir dans notre restaurant.<\/p><p>Nadine et S\u00e9bastien<\/p>\t            <\/div>                <div class=\"pt-title-btn\">\n                    <a class=\"button elementor-button-link pt-btn-color-secondary\" role=\"button\" href=\"https:\/\/www.lagalaure-hauterives.fr\/index.php\/menus\/\">\n                        <span class=\"pt-btn-text\">Carte du restaurant<\/span>\n                    <\/a>\n                <\/div>\n                    <\/div>\t\t\t\t<\/div>\n\t\t\t\t<\/div>\n\t\t\t\t\t<\/div>\n\t\t<\/div>\n\t\t\t\t\t<\/div>\n\t\t<\/section>\n\t\t\t\t<section class=\"elementor-section elementor-top-section elementor-element elementor-element-2d056e72 elementor-section-full_width elementor-section-height-default elementor-section-height-default\" data-id=\"2d056e72\" data-element_type=\"section\" data-e-type=\"section\">\n\t\t\t\t\t\t<div class=\"elementor-container elementor-column-gap-no\">\n\t\t\t\t\t<div class=\"elementor-column elementor-col-100 elementor-top-column elementor-element elementor-element-17d122db\" data-id=\"17d122db\" data-element_type=\"column\" data-e-type=\"column\">\n\t\t\t<div class=\"elementor-widget-wrap elementor-element-populated\">\n\t\t\t\t\t\t<div class=\"elementor-element elementor-element-24e353d7 elementor-widget elementor-widget-pt_instagram\" data-id=\"24e353d7\" data-element_type=\"widget\" data-e-type=\"widget\" data-widget_type=\"pt_instagram.default\">\n\t\t\t\t<div class=\"elementor-widget-container\">\n\t\t\t\t\t\n        <div class=\"pt-instagram column-mosaic small-gap\">\t                <div class=\"pt-instagram-title\">\t                        <a href=\"https:\/\/www.instagram.com\/batouney26\/\" target=\"_blank\">Instagram\t                        <\/a>\t                <\/div>        <\/div>\t\t\t\t<\/div>\n\t\t\t\t<\/div>\n\t\t\t\t\t<\/div>\n\t\t<\/div>\n\t\t\t\t\t<\/div>\n\t\t<\/section>\n\t\t\t\t<section class=\"elementor-section elementor-top-section elementor-element elementor-element-39e1e66 elementor-reverse-mobile pt-animation-medium-offset elementor-section-boxed elementor-section-height-default elementor-section-height-default elementor-invisible\" data-id=\"39e1e66\" data-element_type=\"section\" data-e-type=\"section\" data-settings=\"{&quot;animation&quot;:&quot;fadeInUp&quot;,&quot;animation_delay&quot;:300}\">\n\t\t\t\t\t\t<div class=\"elementor-container elementor-column-gap-no\">\n\t\t\t\t\t<div class=\"elementor-column elementor-col-25 elementor-top-column elementor-element elementor-element-5859dd3\" data-id=\"5859dd3\" data-element_type=\"column\" data-e-type=\"column\">\n\t\t\t<div class=\"elementor-widget-wrap elementor-element-populated\">\n\t\t\t\t\t\t<div class=\"elementor-element elementor-element-bea6602 elementor-widget elementor-widget-pt_title\" data-id=\"bea6602\" data-element_type=\"widget\" data-e-type=\"widget\" data-widget_type=\"pt_title.default\">\n\t\t\t\t<div class=\"elementor-widget-container\">\n\t\t\t\t\t\n        <div class=\"pt-title-wrap text-center text-center-mobile\">\t            <div class=\"pt-subtitle-wrap\"><span class=\"pt-subtitle color-secondary style-bordered\">Des Ingr\u00e9dients Locaux<\/span><\/div>\t            <h6 class=\"pt-title\">\n\t                Une cuisine authentique\t            <\/h6>\t            <div class=\"pt-title-text\">\n\t                <p>La Galaure se situe \u00e0 quelques pas du palais id\u00e9al du facteur Cheval. Vous pouvez venir vous d\u00e9salt\u00e9rer avec des boissons atypiques (bubble tea, smoothie, caf\u00e9 frapp\u00e9). Ou vous restaurer avant ou apr\u00e8s votre visite. La Galaure met un point d&#8217;honneur \u00e0 utiliser des ingr\u00e9dients locaux. <span class=\"VgvqkQ aZskFA u16U_g\">Les l\u00e9gumes proviennent des fermes environnantes<\/span>.<\/p>\t            <\/div>                <div class=\"pt-title-btn\">\n                    <a class=\"button elementor-button-link pt-btn-color-secondary\" role=\"button\" href=\"https:\/\/www.lagalaure-hauterives.fr\/index.php\/menus\/\">\n                        <span class=\"pt-btn-text\">Carte du restaurant<\/span>\n                    <\/a>\n                <\/div>\n                    <\/div>\t\t\t\t<\/div>\n\t\t\t\t<\/div>\n\t\t\t\t\t<\/div>\n\t\t<\/div>\n\t\t\t\t<div class=\"elementor-column elementor-col-25 elementor-top-column elementor-element elementor-element-3a54e90 elementor-hidden-tablet elementor-hidden-mobile\" data-id=\"3a54e90\" data-element_type=\"column\" data-e-type=\"column\">\n\t\t\t<div class=\"elementor-widget-wrap elementor-element-populated\">\n\t\t\t\t\t\t<div class=\"elementor-element elementor-element-6229257 full-height elementor-widget elementor-widget-pt_vertical_divider\" data-id=\"6229257\" data-element_type=\"widget\" data-e-type=\"widget\" data-widget_type=\"pt_vertical_divider.default\">\n\t\t\t\t<div class=\"elementor-widget-container\">\n\t\t\t\t\t\n        <div class=\"pt-vertical-divider divider-grass\">                <div class=\"pt-vd-icon icon-start\">                    <svg xmlns=\"http:\/\/www.w3.org\/2000\/svg\" viewBox=\"0 0 31.06 29.67\">\n                        <path d=\"M36.53,21.85,31.78,18s-7.5.83-9.68,16.39C22.1,34.34,25.7,21.66,36.53,21.85Z\" transform=\"translate(-5.47 -4.66)\"><\/path>\n                        <path class=\"cls-1\" d=\"M5.47,21.85,10.22,18s7.5.83,9.68,16.39C19.9,34.34,16.3,21.66,5.47,21.85Z\" transform=\"translate(-5.47 -4.66)\"><\/path>\n                        <polygon class=\"cls-1\" points=\"15.53 0 18.66 6.56 15.53 22.16 12.39 6.56 15.53 0\"><\/polygon>\n                    <\/svg>                <\/div>            <div class=\"pt-vd-line\"><\/div>                <div class=\"pt-vd-icon icon-end\">                    <svg xmlns=\"http:\/\/www.w3.org\/2000\/svg\" viewBox=\"0 0 31.06 29.67\">\n                        <path d=\"M36.53,21.85,31.78,18s-7.5.83-9.68,16.39C22.1,34.34,25.7,21.66,36.53,21.85Z\" transform=\"translate(-5.47 -4.66)\"><\/path>\n                        <path class=\"cls-1\" d=\"M5.47,21.85,10.22,18s7.5.83,9.68,16.39C19.9,34.34,16.3,21.66,5.47,21.85Z\" transform=\"translate(-5.47 -4.66)\"><\/path>\n                        <polygon class=\"cls-1\" points=\"15.53 0 18.66 6.56 15.53 22.16 12.39 6.56 15.53 0\"><\/polygon>\n                    <\/svg>                <\/div>        <\/div>\t\t\t\t<\/div>\n\t\t\t\t<\/div>\n\t\t\t\t\t<\/div>\n\t\t<\/div>\n\t\t\t\t<div class=\"elementor-column elementor-col-50 elementor-top-column elementor-element elementor-element-c877992\" data-id=\"c877992\" data-element_type=\"column\" data-e-type=\"column\">\n\t\t\t<div class=\"elementor-widget-wrap elementor-element-populated\">\n\t\t\t\t\t\t<div class=\"elementor-element elementor-element-e331710 elementor-tablet-align-center elementor-widget elementor-widget-pt_rounded_image\" data-id=\"e331710\" data-element_type=\"widget\" data-e-type=\"widget\" data-widget_type=\"pt_rounded_image.default\">\n\t\t\t\t<div class=\"elementor-widget-container\">\n\t\t\t\t\t\t\t\t\t<div class=\"pt-rounded-image\" style=\"border-radius: var(--rounded) var(--rounded) 0 0;\">\n\t\t\t\t\t\t\t\t\t\t<img decoding=\"async\" width=\"1500\" height=\"1500\" src=\"https:\/\/www.lagalaure-hauterives.fr\/wp-content\/uploads\/2024\/03\/cd5ac940e300acabd19a90c29221da57.webp\" class=\"attachment-full size-full wp-image-6557\" alt=\"coupe glac\u00e9e au restaurant la Galaure\" srcset=\"https:\/\/www.lagalaure-hauterives.fr\/wp-content\/uploads\/2024\/03\/cd5ac940e300acabd19a90c29221da57.webp 1500w, https:\/\/www.lagalaure-hauterives.fr\/wp-content\/uploads\/2024\/03\/cd5ac940e300acabd19a90c29221da57-300x300.webp 300w, https:\/\/www.lagalaure-hauterives.fr\/wp-content\/uploads\/2024\/03\/cd5ac940e300acabd19a90c29221da57-1024x1024.webp 1024w, https:\/\/www.lagalaure-hauterives.fr\/wp-content\/uploads\/2024\/03\/cd5ac940e300acabd19a90c29221da57-150x150.webp 150w, https:\/\/www.lagalaure-hauterives.fr\/wp-content\/uploads\/2024\/03\/cd5ac940e300acabd19a90c29221da57-768x768.webp 768w, https:\/\/www.lagalaure-hauterives.fr\/wp-content\/uploads\/2024\/03\/cd5ac940e300acabd19a90c29221da57-1440x1440.webp 1440w, https:\/\/www.lagalaure-hauterives.fr\/wp-content\/uploads\/2024\/03\/cd5ac940e300acabd19a90c29221da57-1200x1200.webp 1200w, https:\/\/www.lagalaure-hauterives.fr\/wp-content\/uploads\/2024\/03\/cd5ac940e300acabd19a90c29221da57-780x780.webp 780w, https:\/\/www.lagalaure-hauterives.fr\/wp-content\/uploads\/2024\/03\/cd5ac940e300acabd19a90c29221da57-600x600.webp 600w, https:\/\/www.lagalaure-hauterives.fr\/wp-content\/uploads\/2024\/03\/cd5ac940e300acabd19a90c29221da57-550x550.webp 550w, https:\/\/www.lagalaure-hauterives.fr\/wp-content\/uploads\/2024\/03\/cd5ac940e300acabd19a90c29221da57-370x370.webp 370w, https:\/\/www.lagalaure-hauterives.fr\/wp-content\/uploads\/2024\/03\/cd5ac940e300acabd19a90c29221da57-255x255.webp 255w\" sizes=\"(max-width: 1500px) 100vw, 1500px\" \/>\t\t\t\t\t\t\t\t\t<\/div>\t\t\t\t<\/div>\n\t\t\t\t<\/div>\n\t\t\t\t\t<\/div>\n\t\t<\/div>\n\t\t\t\t\t<\/div>\n\t\t<\/section>\n\t\t\t\t<\/div>\n\t\t","protected":false},"excerpt":{"rendered":"<p>A propos de nous Un Lieu Charg\u00e9 d&#8217;Histoire Le restaurant La Galaure tire son nom de la rivi\u00e8re qui traverse la r\u00e9gion, symbole de la richesse naturelle et de la tranquillit\u00e9 qui caract\u00e9risent Hauterives. \u00c9tabli dans un b\u00e2timent historique, le restaurant a su pr\u00e9server son charme d&rsquo;antan tout en se modernisant pour r\u00e9pondre aux attentes. &#8230;<\/p>\n","protected":false},"author":1,"featured_media":0,"parent":0,"menu_order":0,"comment_status":"closed","ping_status":"closed","template":"template-wide-content.php","meta":{"_monsterinsights_skip_tracking":false,"_monsterinsights_sitenote_active":false,"_monsterinsights_sitenote_note":"","_monsterinsights_sitenote_category":0,"patiotime_single_page_hide_site_header":"","patiotime_single_page_site_header_source":"","patiotime_single_page_custom_site_header":"0","patiotime_single_page_custom_sticky_site_header":"0","patiotime_single_page_custom_page_title_margin_top_source":"","patiotime_single_page_custom_page_title_desktop_margin_top":"","patiotime_single_page_custom_page_title_tablet_margin_top":"","patiotime_single_page_custom_page_title_mobile_margin_top":"","patiotime_single_page_hide_page_title":"on","patiotime_single_page_header_section_size":"","patiotime_single_page_header_background_color":"","patiotime_single_page_header_background_position_x":"center","patiotime_single_page_header_background_position_y":"center","patiotime_single_page_header_background_size":"cover","patiotime_single_page_header_background_repeat":"off","patiotime_single_page_header_background_scroll":"on","patiotime_single_page_header_text_color":"","patiotime_single_page_header_show_breadcrumb":"","patiotime_single_page_site_footer_hide_main":"","patiotime_single_custom_site_footer_main_source":"","patiotime_single_custom_site_footer_main":"0","patiotime_single_page_site_footer_hide_above":"","patiotime_single_custom_site_footer_above_source":"","patiotime_single_custom_site_footer_above":"0","patiotime_single_page_site_footer_hide_instagram":"","patiotime_single_page_site_footer_hide_bottom":"","patiotime_single_custom_mobile_menu_source":"","patiotime_single_custom_mobile_menu":"0","patiotime_single_custom_mobile_menu_animation":"","patiotime_single_custom_mobile_menu_width":"","patiotime_single_custom_mobile_menu_custom_width":375,"footnotes":""},"class_list":["post-4890","page","type-page","status-publish","hentry"],"aioseo_notices":[],"_links":{"self":[{"href":"https:\/\/www.lagalaure-hauterives.fr\/index.php\/wp-json\/wp\/v2\/pages\/4890","targetHints":{"allow":["GET"]}}],"collection":[{"href":"https:\/\/www.lagalaure-hauterives.fr\/index.php\/wp-json\/wp\/v2\/pages"}],"about":[{"href":"https:\/\/www.lagalaure-hauterives.fr\/index.php\/wp-json\/wp\/v2\/types\/page"}],"author":[{"embeddable":true,"href":"https:\/\/www.lagalaure-hauterives.fr\/index.php\/wp-json\/wp\/v2\/users\/1"}],"replies":[{"embeddable":true,"href":"https:\/\/www.lagalaure-hauterives.fr\/index.php\/wp-json\/wp\/v2\/comments?post=4890"}],"version-history":[{"count":21,"href":"https:\/\/www.lagalaure-hauterives.fr\/index.php\/wp-json\/wp\/v2\/pages\/4890\/revisions"}],"predecessor-version":[{"id":6874,"href":"https:\/\/www.lagalaure-hauterives.fr\/index.php\/wp-json\/wp\/v2\/pages\/4890\/revisions\/6874"}],"wp:attachment":[{"href":"https:\/\/www.lagalaure-hauterives.fr\/index.php\/wp-json\/wp\/v2\/media?parent=4890"}],"curies":[{"name":"wp","href":"https:\/\/api.w.org\/{rel}","templated":true}]}}